ed by t.
5
Suppose -3*q + h + 3*h + 23 = 0, 16 = 4*h. Let i(b) = -b + 2. Let o(f) = 2*f + 9. Let d be o(-6). Calculate the remainder when q is divided by i(d).
3
Suppose -3*t = 3 - 57. What is the remainder when 86 is divided by t?
14
Suppose -3*w = 2*g - 22, 3*w - 5 - 25 = -3*g. Suppose -a + g = a. Suppose a*u = 22 + 6. Calculate the remainder when 25 is divided by u.
4
Let h(n) = n**3 - 6*n**2 - 9*n + 15. Let r be (-558)/(-78) + (84/(-39) - -2). What is the remainder when 4 is divided by h(r)?
0
Let w = 591 - 368. What is the remainder when w is divided by 45?
43
Let w(s) = 4*s**2 - 16*s - 2. Calculate the remainder when w(-4) is divided by 55.
16
Let s(h) = 8*h**2 - 8*h + 8. Let x = 14 - 7. What is the remainder when s(1) is divided by x?
1
Suppose -148 = -3*z - 52. What is the remainder when 191 is divided by z?
31
Suppose -4*t + 5*s + 191 = 0, 5*t + 0*s - s - 265 = 0. Calculate the remainder when t is divided by 9.
0
Let a(w) = -w**3 - 13*w**2 - 13*w - 3. Let f(y) = 18*y + 19. Let l be f(6). Calculate the remainder when 12/(-30) + l/5 is divided by a(-12).
7
Suppose 102 = 5*d + 12. Calculate the remainder when (114/d - 6) + (-11)/(-3) is divided by 3.
1
Calculate the remainder when 3836/27 - (-48)/(-648) is divided by 18.
16
Let r = 174 - 151. What is the remainder when 101 is divided by r?
9
Suppose 11*m + 5*m - 3696 = 0. What is the remainder when m is divided by 29?
28
Let o = -571 - -631. What is the remainder when 261 is divided by o?
21
Let z = 71 + -44. Suppose 0*b = -7*b + 357. What is the remainder when b is divided by z?
24
Let a = -5851 + 5875. Suppose -z + 48 = -23. What is the remainder when z is divided by a?
23
Let m(j) = -j**3 + 8*j**2 + 30*j - 59. What is the remainder when 129 is divided by m(10)?
6
Let q = -1212 - -1317. What is the remainder when q is divided by 62?
43
What is the remainder when 1 + -7 - (-358 - (-11 + 8)) is divided by 9?
7
Let d(a) = a + 10. Let w be d(-10). Suppose c - 2*c + 12 = w. Calculate the remainder when c is divided by (-52)/(-12) - ((-2)/(-6) - 1).
2
Let w be (-5)/((-20)/(-12)) - -108. Suppose 4*c + 5*s - 58 = 3*s, -4*s = -5*c + w. What is the remainder when 50 + 0 + (-2 - 0) is divided by c?
14
Let m(r) = 4*r + 29. Let v(p) = 3*p + 19. Let c(i) = -5*m(i) + 7*v(i). Let a be c(-11). Let o = a + 45. What is the remainder when o is divided by 6?
4
Let l(d) = 108 - 3*d - 2*d**3 - 112 - 3*d**2 - 4*d. Calculate the remainder when 129 is divided by l(-3).
41
Let c(f) = f - 3. Let m be c(6). Suppose 2*y = m*b - 6*b - 21, 4*b = -20. Let o(j) = 7*j**2 + 6*j - 3. Calculate the remainder when o(y) is divided by 11.
9
What is the remainder when 271 is divided by 37 - ((-240)/(-20) + 1 + -7)?
23
Calculate the remainder when -48*((-6)/45*-5)/((-5)/10) is divided by 159/9 + (-1)/(-3).
10
What is the remainder when 94 is divided by (-6 - (-37)/2)*2?
19
Suppose -6 = -14*g + 12*g. Suppose -5*u - 23 = -p, -g*p + 3*u = -p - 53. What is the remainder when p is divided by 11?
6
Let g(j) = j**3 + 6*j**2 - 5*j - 7. Let c(z) = -4*z + 5. Let r be c(4). Let u = r + 17. What is the remainder when g(-6) is divided by u?
5
Let o = 390 - 324. What is the remainder when o is divided by 36?
30
Let c = -27 + 27. Suppose c = -9*d + 16*d - 98. What is the remainder when 55 is divided by d?
13
Let o(r) be the second derivative of r**5/20 + 3*r**4/4 + r**3/2 - 15*r**2/2 + 2*r. Calculate the remainder when 73 is divided by o(-8).
23
Let g(k) = 26*k - 5. Let h(y) = 9*y - 2. Let z(i) = 4*g(i) - 11*h(i). Let f be (-28)/(-6) + 2/(-3). Calculate the remainder when 41 is divided by z(f).
19
Let j = -6 - -10. Let f(c) = -c**2 + 6*c - 6. Let g be f(j). Suppose v + 89 = g*v. What is the remainder when v is divided by 15?
14
Let y(h) = 5*h**2 + 9*h - 8. Suppose -5*x = -4*d + 15, -3*x + 23 = -0*d + 4*d. Calculate the remainder when y(x) is divided by 3.
0
Suppose 63*i - 168 = 777. Let x be (1 + 0 - 2) + -29. Calculate the remainder when i is divided by ((-36)/x)/((-2)/(-10)).
3
Let z(c) = 8*c - 142. What is the remainder when 78 is divided by z(23)?
36
Let o be 12/(-42) + 5/((-70)/(-32)). Calculate the remainder when (o*-2)/(20/(-250)) - 1 is divided by 13.
10
Let c(y) = y**3 - 5*y**2 - y + 5. Let l be c(5). Suppose 10 = i + 5, -3*q = -5*i - 116. Calculate the remainder when q is divided by (2 + 0 + l)*6.
11
Suppose 4*s + 6 = 6*s. Let m(a) = 11*a**2 + a - 3. Calculate the remainder when m(s) is divided by 25.
24
Let i be (-18)/(-63) - 75/(-7). Calculate the remainder when i/33*(22 + -1) is divided by 2 + (0 - -1) + 1.
3
Let p(h) = 3*h**3 - h**2 + 13*h - 29. What is the remainder when 149 is divided by p(2)?
13
Suppose -3*u = 2*h + 3*h, -u - 4 = 3*h. Suppose -128*p + 130*p - 292 = 0. Suppose 39 = u*j - p. What is the remainder when j is divided by 19?
18
Let x be 3/((-4)/((-24)/9)). Suppose -2*b + 56 = x*b. Suppose -5*k + b + 11 = 0, 3*i + k - 35 = 0. What is the remainder when 27 is divided by i?
7
Suppose -76*f + 5247 = -23*f. Calculate the remainder when f is divided by 34.
31
Let w(v) = 5*v**2 - 37*v + 21. Calculate the remainder when 9 is divided by w(7).
2
Suppose 0 = -362*b + 354*b + 32. Let y(j) = 9*j**2 + 3*j + 3. Let a be y(-3). Suppose -b*x + a = x. Calculate the remainder when x is divided by 9.
6
Suppose -3*p + 41 = -5*r, -2*p - 3*r = -r - 6. Let b = 19 - p. What is the remainder when (2/1 - 5) + b is divided by 4?
1
Let p(n) = n**3 + 9*n**2 + 7*n + 8. Suppose -2*b + 287 = 5*b. What is the remainder when b is divided by p(-8)?
9
Suppose -30 = -3*c - r, -2*c - r + 3*r + 12 = 0. Suppose -4*v = -28, 18*x + 0*x + 5*v = 575. Calculate the remainder when x is divided by c.
3
Suppose -2*x - 4*a = -8, -21*x - 24 = -25*x - 4*a. Calculate the remainder when 87 is divided by x.
7
Let a(l) = l**2 - 6*l + 4. Let x be a(3). What is the remainder when (61 + -57)*(2 + 0) is divided by 2/(1 + 3/x)?
3
Let g be (-9)/2*(-28)/63. Suppose -4*s + 5*a = -105, 0*s - 2*a = -g*s + 52. Suppose 4*q = q + 39. What is the remainder when s is divided by q?
12
Let c be (-26)/(-5) + 1/(-5). Suppose 0 = -2*p + c*p - 144. What is the remainder when 8 is divided by p/(-72)*2*-3?
0
Let t(b) = 4*b - 1. Suppose -d + y = 31, -2*d - d - 77 = y. Calculate the remainder when t(6) is divided by 4/(-3)*d/3.
11
Let q(b) = -729*b**3 + b**2 + b + 1. Let d be q(-1). Suppose -9*x = -14*x + d. What is the remainder when x is divided by 21?
20
Let t(z) = z**3 + 13*z**2 - 2. Let q be t(-8). What is the remainder when (2/6)/(((-2)/q)/(-1)) is divided by 8?
5
Let z be (81/(-12))/(3/8). Let t be (-345)/(-27) - 4/z. Let j = t - 9. What is the remainder when 9 is divided by j?
1
What is the remainder when 213 is divided by 13 - -1 - (-11 - -4 - -9)?
9
Suppose -4*x = -4, 5*x + 54 = 5*m + 9. Let u be (-3)/(-1) - -10 - 2. Suppose 0 = -7*h + u*h - 140. Calculate the remainder when h is divided by m.
5
Let q be 1 - 1 - (-4 + 1). Suppose -4*i + 11 = -q*i. What is the remainder when i is divided by ((-32)/(-8))/(4/3)?
2
Let a(d) be the second derivative of -d**5/20 - d**4/4 - 7*d**3/6 + 5*d**2 - 37*d. What is the remainder when a(-5) is divided by 12?
11
Let z(j) be the third derivative of 7*j**4/24 - 4*j**3/3 + 3*j**2. Let w be z(7). Suppose w = 2*x + 3. Calculate the remainder when x is divided by 10.
9
Let o = 18 - 11. Let f = 4 - -3. Suppose -4*x = -b - 5 - f, 4*b = 2*x + 8. Calculate the remainder when o is divided by x.
3
Suppose l = 7*l - 546. Let c be (-100)/(-7) - 26/l. Let v = 0 + c. What is the remainder when 53 is divided by v?
11
Let x(r) = 15*r + 3. What is the remainder when 197 is divided by x(1)?
17
Let w = 121 - -33. Calculate the remainder when w is divided by 12.
10
Let n(z) be the second derivative of z**3/3 + 7*z**2/2 - 4*z. Let j be n(5). Suppose j + 1 = s. Calculate the remainder when s is divided by 7.
4
Let j = 55 + 34. Let q = -16 - -20. Calculate the remainder when j is divided by ((-18)/q)/((-27)/180).
29
Let b(m) = 3 - 6 - 3*m + 5*m. Let j be b(-2). Let a = -3 - j. Calculate the remainder when a is divided by 2.
0
Let m = 21 - -2. Let g = -102 + 114. Suppose 0 = g*l + l - 858. Calculate the remainder when l is divided by m.
20
Let n = -7 + 9. Suppose -3*s = -5*y + 135, 76 - 211 = -5*y - n*s. What is the remainder when y is divided by 10?
7
Let x = 789 - 744. 